{"id":10,"date":"2026-02-05T15:26:40","date_gmt":"2026-02-05T15:26:40","guid":{"rendered":"https:\/\/legere-orga.fr\/?page_id=10"},"modified":"2026-02-21T01:16:32","modified_gmt":"2026-02-21T00:16:32","slug":"accueil","status":"publish","type":"page","link":"https:\/\/legere-orga.fr\/","title":{"rendered":"Tout repose sur vous ? Poser un cadre devient essentiel."},"content":{"rendered":"\n<h2 class=\"wp-block-heading has-text-align-center\" style=\"text-transform:none\">Diriger, c\u2019est d\u00e9cider. Porter. Arbitrer.<\/h2>\n\n\n\n<h2 class=\"wp-block-heading has-text-align-center\" style=\"text-transform:none\">Chaque entreprise est diff\u00e9rente, mais les difficult\u00e9s se ressemblent souvent.<\/h2>\n\n\n\n<p class=\"has-text-align-left\">Je vous aide \u00e0 poser un cadre clair et un plan d\u2019action structur\u00e9<br>pour all\u00e9ger la charge mentale et s\u00e9curiser vos d\u00e9cisions.<\/p>\n\n\n\n<p>Un cadre clair et structur\u00e9.<br>Une vision stabilis\u00e9e.<br>Moins de charge mentale.<br>Moins de solitude dans les d\u00e9cisions.<\/p>\n\n\n\n<p class=\"has-text-align-left\">Avant de parler d\u2019offres, parlons de vous.<\/p>\n\n\n\n<div style=\"height:19px\" aria-hidden=\"true\" class=\"wp-block-spacer\"><\/div>\n\n\n\n<p class=\"has-large-font-size\">Vous vous reconnaissez dans l\u2019une de ces situations ?<\/p>\n\n\n\n<div style=\"height:10px\" aria-hidden=\"true\" class=\"wp-block-spacer\"><\/div>\n\n\n\n<p><strong><a href=\"https:\/\/legere-orga.fr\/index.php\/accompagnement-mensuel\/\" data-type=\"page\" data-id=\"12\">Vous portez trop seul(e)<\/a><\/strong><br>Trop de d\u00e9cisions. Trop d\u2019arbitrages. Besoin d\u2019un cadre structurant.<\/p>\n\n\n\n<hr class=\"wp-block-separator has-alpha-channel-opacity\"\/>\n\n\n\n<p><strong><a href=\"https:\/\/legere-orga.fr\/index.php\/demarrer-sereinement\/\" data-type=\"page\" data-id=\"222\">Vous lancer votre activit\u00e9<\/a><\/strong><br>Poser des bases solides d\u00e8s le d\u00e9part.<\/p>\n\n\n\n<hr class=\"wp-block-separator has-alpha-channel-opacity\"\/>\n\n\n\n<p><strong><a href=\"https:\/\/legere-orga.fr\/index.php\/comprendre-avant-dagir\/\" data-type=\"page\" data-id=\"224\">Vous avez besoin de clarifier<\/a><\/strong><br>Reprendre le contr\u00f4le et s\u00e9curiser vos choix.<\/p>\n\n\n\n<hr class=\"wp-block-separator has-alpha-channel-opacity\"\/>\n\n\n\n<p><strong><a href=\"https:\/\/legere-orga.fr\/index.php\/besoin-ponctuel\/\" data-type=\"page\" data-id=\"226\">Vous faites face \u00e0 un sujet precis<\/a><\/strong><br>Blocage, rattrapage, urgence : on structure et on avance.<\/p>\n\n\n\n<hr class=\"wp-block-separator has-alpha-channel-opacity\"\/>\n\n\n\n<p><br>Vous ne savez pas encore par o\u00f9 commencer ?<\/p>\n\n\n\n<p>Clarifions votre situation et poser un premier cadre.<\/p>\n\n\n\n<p>Rendez-vous d\u00e9couverte en visio \u2013 30 minutes \u2013 Gratuit.<\/p>\n\n\n\n<div class=\"wp-block-buttons is-layout-flex wp-block-buttons-is-layout-flex\">\n<div class=\"wp-block-button\"><a class=\"wp-block-button__link has-base-2-color has-text-color has-link-color wp-element-button\" href=\"https:\/\/calendly.com\/laetitia-legere-orga\/30min\">\ud83d\udc49 <strong>P<\/strong>rendre rendez-vous d\u00e9couverte<\/a><\/div>\n<\/div>\n\n\n\n<p><\/p>\n","protected":false},"excerpt":{"rendered":"<p>Diriger, c\u2019est d\u00e9cider. Porter. Arbitrer. Chaque entreprise est diff\u00e9rente, mais les difficult\u00e9s se ressemblent souvent. Je vous aide \u00e0 poser un cadre clair et un plan d\u2019action structur\u00e9pour all\u00e9ger la charge mentale et s\u00e9curiser vos d\u00e9cisions. Un cadre clair et structur\u00e9.Une vision stabilis\u00e9e.Moins de charge mentale.Moins de solitude dans les d\u00e9cisions. Avant de parler d\u2019offres, [&hellip;]<\/p>\n","protected":false},"author":1,"featured_media":0,"parent":0,"menu_order":0,"comment_status":"closed","ping_status":"closed","template":"","meta":{"footnotes":""},"class_list":["post-10","page","type-page","status-publish","hentry"],"_links":{"self":[{"href":"https:\/\/legere-orga.fr\/index.php\/wp-json\/wp\/v2\/pages\/10","targetHints":{"allow":["GET"]}}],"collection":[{"href":"https:\/\/legere-orga.fr\/index.php\/wp-json\/wp\/v2\/pages"}],"about":[{"href":"https:\/\/legere-orga.fr\/index.php\/wp-json\/wp\/v2\/types\/page"}],"author":[{"embeddable":true,"href":"https:\/\/legere-orga.fr\/index.php\/wp-json\/wp\/v2\/users\/1"}],"replies":[{"embeddable":true,"href":"https:\/\/legere-orga.fr\/index.php\/wp-json\/wp\/v2\/comments?post=10"}],"version-history":[{"count":70,"href":"https:\/\/legere-orga.fr\/index.php\/wp-json\/wp\/v2\/pages\/10\/revisions"}],"predecessor-version":[{"id":304,"href":"https:\/\/legere-orga.fr\/index.php\/wp-json\/wp\/v2\/pages\/10\/revisions\/304"}],"wp:attachment":[{"href":"https:\/\/legere-orga.fr\/index.php\/wp-json\/wp\/v2\/media?parent=10"}],"curies":[{"name":"wp","href":"https:\/\/api.w.org\/{rel}","templated":true}]}}